 12) to base 11
-5
Convert -10010 (base 2) to base 12.
-16
What is 11 (base 16) in base 15?
12
What is -a (base 16) in base 7?
-13
Convert 3 (base 5) to base 9.
3
-100 (base 6) to base 12
-30
6 (base 10) to base 12
6
Convert 101 (base 2) to base 11.
5
What is 12 (base 3) in base 6?
5
Convert 2 (base 16) to base 15.
2
What is -3 (base 9) in base 12?
-3
Convert 9 (base 15) to base 10.
9
What is 110101 (base 2) in base 8?
65
Convert 13 (base 7) to base 10.
10
-121 (base 4) to base 5
-100
What is -55 (base 11) in base 3?
-2020
-100 (base 2) to base 15
-4
Convert -3 (base 16) to base 8.
-3
Convert 2 (base 11) to base 9.
2
What is -17 (base 10) in base 12?
-15
What is 3 (base 9) in base 12?
3
Convert -101 (base 3) to base 7.
-13
Convert -39 (base 11) to base 2.
-101010
14 (base 16) to base 14
16
What is 1 (base 5) in base 9?
1
Convert 20 (base 12) to base 4.
120
What is -3 (base 6) in base 4?
-3
5 (base 6) to base 8
5
What is 100000110 (base 2) in base 14?
14a
What is 9 (base 15) in base 10?
9
What is 1 (base 16) in base 3?
1
What is 456 (base 8) in base 4?
10232
-4 (base 11) to base 5
-4
-113 (base 4) to base 12
-1b
Convert -125 (base 9) to base 15.
-6e
1b (base 15) to base 8
32
-216 (base 7) to base 11
-a1
Convert -130 (base 15) to base 14.
-154
Convert -5 (base 15) to base 11.
-5
Convert -1111101 (base 2) to base 14.
-8d
What is -18 (base 9) in base 7?
-23
Convert -1111010 (base 2) to base 7.
-233
-5a (base 13) to base 12
-63
Convert -1 (base 5) to base 4.
-1
-2 (base 14) to base 3
-2
Convert 2 (base 7) to base 8.
2
What is 101 (base 2) in base 7?
5
What is -4 (base 16) in base 9?
-4
-7 (base 10) to base 5
-12
What is 22 (base 5) in base 3?
110
What is 113 (base 4) in base 7?
32
What is 165 (base 13) in base 11?
20a
What is 3c (base 13) in base 3?
1220
61 (base 7) to base 4
223
-7 (base 15) to base 5
-12
-10 (base 4) to base 12
-4
Convert 4 (base 16) to base 8.
4
-32 (base 7) to base 5
-43
What is -10 (base 7) in base 3?
-21
What is 43 (base 12) in base 3?
1220
Convert 103 (base 10) to base 4.
1213
What is -2 (base 14) in base 3?
-2
What is -12 (base 11) in base 6?
-21
Convert 113 (base 10) to base 12.
95
Convert 10221 (base 3) to base 11.
97
Convert 105 (base 8) to base 6.
153
What is 415 (base 6) in base 15?
a5
What is -6 (base 15) in base 12?
-6
122 (base 12) to base 6
442
10233 (base 4) to base 11
256
What is 100111011 (base 2) in base 13?
1b3
Convert -342 (base 5) to base 15.
-67
What is 12 (base 3) in base 6?
5
What is 0 (base 10) in base 9?
0
What is 3 (base 8) in base 2?
11
-136 (base 11) to base 7
-316
What is 5 (base 8) in base 6?
5
30 (base 15) to base 4
231
-2 (base 9) to base 16
-2
Convert -5 (base 9) to base 15.
-5
4 (base 15) to base 9
4
Convert -12 (base 13) to base 8.
-17
What is -201 (base 6) in base 15?
-4d
222 (base 5) to base 8
76
2 (base 13) to base 4
2
-1 (base 16) to base 14
-1
Convert -6 (base 14) to base 15.
-6
Convert 1 (base 2) to base 4.
1
Convert 10 (base 14) to base 13.
11
What is 2 (base 14) in base 2?
10
Convert -9 (base 16) to base 12.
-9
33 (base 8) to base 2
11011
What is 21 (base 4) in base 16?
9
31 (base 10) to base 4
133
Convert 4 (base 9) to base 12.
4
What is 1 (base 8) in base 2?
1
16 (base 10) to base 9
17
What is -5c (base 15) in base 9?
-106
-16 (base 15) to base 6
-33
What is -102 (base 4) in base 15?
-13
Convert -12 (base 4) to base 16.
-6
Convert -5 (base 11) to base 8.
-5
What is -175 (base 13) in base 11?
-221
What is 100001010 (base 2) in base 14?
150
What is -2 (base 13) in base 9?
-2
What is -1 (base 12) in base 11?
-1
Convert -4 (base 7) to base 10.
-4
Convert a (base 13) to base 7.
13
-9 (base 11) to base 3
-100
Convert -10011 (base 2) to base 12.
-17
What is 13 (base 5) in base 9?
8
What is 1b3 (base 14) in base 9?
432
What is 6 (base 15) in base 14?
6
Convert -6 (base 8) to base 15.
-6
-a (base 12) to base 13
-a
Convert -11121 (base 3) to base 16.
-7c
31 (base 7) to base 15
17
Convert -5 (base 10) to base 7.
-5
115 (base 11) to base 10
137
Convert 101 (base 2) to base 14.
5
20 (base 5) to base 11
a
Convert -1b (base 16) to base 11.
-25
Convert -9 (base 15) to base 4.
-21
What is 3 (base 4) in base 13?
3
What is -43 (base 9) in base 8?
-47
-5 (base 9) to base 12
-5
-1 (base 7) to base 6
-1
What is -134 (base 5) in base 6?
-112
13 (base 13) to base 3
121
What is -3 (base 4) in base 10?
-3
122 (base 6) to base 9
55
-5 (base 7) to base 5
-10
5 (base 11) to base 13
5
What is -100 (base 6) in base 13?
-2a
Convert 16 (base 14) to base 10.
20
Convert 125 (base 7) to base 3.
2112
28 (base 11) to base 4
132
What is 0 (base 6) in base 2?
0
Convert -2 (base 9) to base 11.
-2
Convert 17 (base 16) to base 12.
1b
Convert 4 (base 16) to base 11.
4
3 (base 8) to base 3
10
What is 122 (base 5) in base 11?
34
What is -372 (base 9) in base 13?
-1a9
-42 (base 5) to base 12
-1a
Convert -125 (base 10) to base 5.
-1000
-230 (base 4) to base 3
-1122
8 (base 14) to base 11
8
What is 30 (base 6) in base 8?
22
What is 110101 (base 2) in base 7?
104
Convert 10 (base 3) to base 14.
3
Convert 145 (base 8) to base 16.
65
Convert -103 (base 4) to base 7.
-25
b2 (base 15) to base 5
1132
5 (base 16) to base 13
5
Convert 21 (base 9) to base 2.
10011
What is 5 (base 9) in base 5?
10
Convert -50 (base 10) to base 13.
-3b
Convert -1 (base 5) to base 7.
-1
-3 (base 13) to base 16
-3
38 (base 9) to base 12
2b
1a (base 11) to base 4
111
What is -101 (base 3) in base 10?
-10
-113 (base 6) to base 5
-140
What is 3 (base 8) in base 10?
3
Convert 10 (base 2) to base 13.
2
-1 (base 3) to base 7
-1
17 (base 11) to base 14
14
Convert a1 (base 11) to base 3.
11010
What is -5 (base 16) in base 6?
-5
-4 (base 9) to base 10
-4
Convert -3 (base 5) to base 3.
-10
What is 35 (base 12) in base 5?
131
Convert -4 (base 5) to base 4.
-10
What is 1220 (base 4) in base 16?
68
Convert 1 (base 10) to base 16.
1
-4 (base 14) to base 2
-100
Convert -213 (base 10) to base 8.
-325
-20 (base 10) to base 9
-22
5 (base 14) to base 2
101
22 (base 10) to base 3
211
What is -5 (base 9) in base 4?
-11
Convert -3 (base 4) to base 7.
-3
Convert -12 (base 5) to base 12.
-7
Convert -2 (base 11) to base 8.
-2
Convert 48 (base 10) to base 4.
300
Convert 146 (base 7) to base 11.
76
Convert 16 (base 11) to base 5.
32
-2 (base 14) to base 2
-10
Convert -211 (base 4) to base 6.
-101
3 (base 14) to base 13
3
1 (base 4) to base 8
1
What is 3 (base 7) in base 5?
3
What is -1211 (base 3) in base 7?
-100
Convert -101100001 (base 2) to base 13.
-212
What is 1110 (base 4) in base 5?
314
-10 (base 11) to base 16
-b
What is -413 (base 5) in base 16?
-6c
Convert -12 (base 12) to base 15.
-e
Convert -12 (base 11) to base 4.
-31
What is 3 (base 8) in base 5?
3
-2 (base 15) to base 13
-2
What is -cf (base 16) in base 13?
-12c
What is 454 (base 9) in base 15?
19d
What is -71 (base 14) in base 11?
-90
Convert 1 (base 4) to base 7.
1
Convert -11 (base 6) to base 14.
-7
Convert -50 (base 6) to base 11.
-28
Convert 7d (base 14) to base 6.
303
3 (base 7) to base 10
3
What is 324 (base 6) in base 14?
8c
Convert 3 (base 11) to base 5.
3
What is -2 (base 16) in base 8?
-2
Convert 22 (base 4) to base 16.
a
Convert 5 (base 13) to base 16.
5
Convert -4 (base 6) to base 15.
-4
Convert -74 (base 12) to base 14.
-64
What is 111 (base 2) in base 10?
7
What is 110 (base 2) in base 8?
6
What is 101 (base 3) in base 15?
a
What is -10 (base 2) in base 12?
-2
Convert 3 (base 12) to base 16.
3
1330 (base 5) to base 10
215
What is 44 (base 16) in base 12?
58
Convert 213 (base 8) to base 14.
9d
What is -3 (base 9) in base 12?
-3
Convert -67 (base 10) to base 13.
-52
Convert -6 (base 9) to base 16.
-6
Convert 3 (base 6) to base 2.
11
Convert -b3 (base 16) to base 9.
-218
30 (base 11) to base 15
23
Convert -111 (base 3) to base 11.
-12
What is -212 (base 6) in base 5?
-310
What is -10 (base 6) in base 16?
-6
8 (base 11) to base 16
8
What is 1 (base 8) in base 2?
1
4 (base 5) to base 9
4
33 (base 4) to base 10
15
a8 (base 11) to base 12
9a
3 (base 9) to base 2
11
Convert -82 (base 11) to base 12.
-76
-119 (base 12) to base 7
-324
Convert -7 (base 10) to base 13.
-7
Convert 33 (base 6) to base 3.
210
Convert -3 (base 15) to base 16.
-3
What is -5 (base 16) in base 12?
-5
What is 111 (base 4) in base 12?
19
21